
Does 8617 divide 2811666832?
False
Is 13663950 a multiple of 38?
False
Is 3 a factor of 27653401?
False
Does 84 divide 56194810?
False
Is 5 a factor of 210153133?
False
Does 562 divide 1306154206?
False
Is 21867059 a multiple of 31?
True
Does 64 divide 280154816?
True
Is 310709973 a multiple of 2523?
True
Does 507 divide 193245078?
True
Is 634 a factor of 1638619289?
False
Does 1324 divide 22841648?
True
Is 147001008 a multiple of 651?
True
Is 131600898 a multiple of 18?
True
Is 351421865 a multiple of 41?
True
Is 53476750 a multiple of 818?
True
Is 5 a factor of 98765692?
False
Is 15 a factor of 1372432815?
True
Is 24 a factor of 41402352?
True
Is 288 a factor of 339880608?
True
Does 8 divide 761859505?
False
Is 6 a factor of 239644203?
False
Does 192 divide 16517576?
False
Is 1899749226 a multiple of 2117?
True
Does 436 divide 885602682?
False
Is 563789168 a multiple of 71?
False
Is 1855 a factor of 342595603?
False
Is 52927769 a multiple of 2?
False
Is 231 a factor of 3327135966?
True
Is 3706 a factor of 935506526?
False
Is 110 a factor of 754405504?
False
Is 38109011 a multiple of 35?
False
Does 4 divide 17155184?
True
Is 240 a factor of 884953776?
False
Is 471 a factor of 57026796?
True
Is 6 a factor of 238886168?
False
Does 121 divide 975190950?
False
Is 175 a factor of 473936575?
True
Does 246 divide 47128764?
False
Is 3 a factor of 11745359?
False
Is 3855 a factor of 118421189?
False
Is 3567 a factor of 807975628?
False
Is 85 a factor of 21133805?
True
Is 906 a factor of 96058396?
False
Is 20702283 a multiple of 699?
True
Is 495741837 a multiple of 89?
True
Is 1244 a factor of 7345194?
False
Does 649 divide 746169135?
False
Does 2 divide 415494276?
True
Is 35 a factor of 43768305?
True
Does 1460 divide 124965872?
False
Is 2323332 a multiple of 9?
True
Is 13 a factor of 11360022?
False
Does 10 divide 16370825?
False
Is 256 a factor of 105614392?
False
Is 376 a factor of 42542144?
True
Is 4220205430 a multiple of 54?
False
Does 283 divide 21191323?
True
Does 70 divide 1779396705?
False
Does 792 divide 5679432?
True
Is 724352544 a multiple of 4644?
True
Is 7304603 a multiple of 11?
False
Is 487 a factor of 2853708477?
True
Is 8 a factor of 258473247?
False
Does 893 divide 177573050?
True
Does 110 divide 625256170?
True
Does 950 divide 38168432?
False
Does 6433 divide 971852621?
False
Is 18818759 a multiple of 17?
False
Is 169729361 a multiple of 68?
False
Does 366 divide 38469528?
True
Is 138 a factor of 77188019?
False
Is 46847136 a multiple of 98?
True
Is 114328795 a multiple of 1163?
False
Is 255213143 a multiple of 4?
False
Is 73531136 a multiple of 64?
True
Is 894044932 a multiple of 12?
False
Is 296 a factor of 43561136?
True
Is 44 a factor of 154563112?
True
Is 650742821 a multiple of 24?
False
Does 20 divide 555780?
True
Is 36 a factor of 3881844?
True
Does 88 divide 64607060?
False
Is 343511644 a multiple of 419?
False
Is 17 a factor of 60509987?
True
Does 359 divide 5568440932?
False
Is 648 a factor of 30197893?
False
Is 14 a factor of 1591464?
True
Does 64 divide 1288926656?
True
Is 137 a factor of 159712854?
False
Is 614 a factor of 14113651?
False
Is 1736320805 a multiple of 6?
False
Is 836 a factor of 4113651696?
True
Is 1999 a factor of 33292979?
False
Does 2485 divide 279354281?
False
Does 4 divide 17791515?
False
Is 304 a factor of 9393738?
False
Is 1122 a factor of 95257800?
True
Is 11 a factor of 852489542?
False
Is 11 a factor of 1277563931?
False
Is 11 a factor of 2150457382?
False
Is 306971563 a multiple of 232?
False
Does 749 divide 11142577?
False
Does 723 divide 22267955?
False
Is 24323420 a multiple of 44?
True
Does 1945 divide 33813825?
True
Is 52943134 a multiple of 881?
False
Is 89504746 a multiple of 470?
False
Is 18358988 a multiple of 53?
True
Does 56 divide 5126828280?
True
Does 18 divide 35522514?
True
Does 2083 divide 62015076?
True
Does 35 divide 65077991?
False
Is 3349161745 a multiple of 84?
False
Does 18 divide 865605654?
True
Is 185841674 a multiple of 68?
False
Does 122 divide 1408454845?
False
Is 3070882 a multiple of 350?
False
Is 1343925 a multiple of 55?
True
Is 31910831 a multiple of 65?
False
Is 448 a factor of 217323640?
False
Is 652 a factor of 7707944?
True
Is 72 a factor of 111690954?
False
Is 320 a factor of 315200?
True
Does 35 divide 47323780?
True
Is 11427986 a multiple of 20?
False
Is 26 a factor of 26989352?
True
Is 522 a factor of 72009900?
True
Is 7 a factor of 328539288?
True
Is 19 a factor of 27243511?
True
Is 882289774 a multiple of 113?
False
Does 857 divide 4716906?
False
Is 127 a factor of 527045047?
True
Is 1762366 a multiple of 146?
True
Is 39 a factor of 88262909?
False
Is 74315430 a multiple of 210?
True
Is 111552896 a multiple of 14?
True
Is 464578065 a multiple of 381?
True
Is 5219471 a multiple of 446?
False
Does 213 divide 19733352?
False
Does 466 divide 92366647?
False
Is 197 a factor of 1435736?
True
Is 136214202 a multiple of 982?
True
Is 1669981742 a multiple of 143?
True
Is 3996768558 a multiple of 2139?
True
Is 351773804 a multiple of 719?
False
Is 186 a factor of 2416233558?
True
Is 508612533 a multiple of 33?
True
Is 30 a factor of 429198786?
False
Is 47 a factor of 1739489411?
True
Is 151784109 a multiple of 2193?
True
Is 15 a factor of 950290951?
False
Does 377 divide 43742284?
False
Is 7 a factor of 11190969?
False
Does 1296 divide 814569172?
False
Is 2378930 a multiple of 2356?
False
Is 1128 a factor of 736239960?
True
Does 1179 divide 15870519?
True
Is 18324740 a multiple of 332?
True
Is 20957414 a multiple of 79?
False
Does 1238 divide 21955858?
False
Is 1950 a factor of 11762400?
True
Does 2025 divide 628950144?
False
Does 9 divide 14030730?
True
Does 305 divide 110121165?
True
Is 748 a factor of 3268691?
False
Is 5 a factor of 40872907?
False
Is 51 a factor of 8659035?
True
Does 136 divide 11780361?
False
Is 13 a factor of 178366253?
True
Is 20 a factor of 13586916?
False
Does 11 divide 37811471?
False
Is 135 a factor of 140635845?
True
Does 2945 divide 416558470?
True
Is 2026028386 a multiple of 10709?
False
Is 16 a factor of 115537272?
False
Does 1697 divide 23981338?
False
Is 10 a factor of 27473390?
True
Is 1316 a factor of 752038728?
True
Does 78 divide 221587704?
True
Does 827 divide 718574511?
True
Is 205 a factor of 1085270?
True
Does 43 divide 12634604?
True
Is 1165395984 a multiple of 48?
True
Is 6161 a factor of 1815787573?
False
Is 468 a factor of 360275760?
True
Is 13118304 a multiple of 16?
True
Does 14 divide 401650165?
False
Is 2159 a factor of 69165724?
True
Is 1539 a factor of 243792421?
False
Is 60 a factor of 13116837?
False
Does 53 divide 65620035?
False
Is 10081975 a multiple of 34?
False
Is 28 a factor of 104614822?
False
Does 13 divide 165289267?
True
Does 309 divide 116255688?
True
Is 1921 a factor of 415233439?
False
Does 187 divide 883845963?
True
Is 76 a factor of 1231381974?
False
Does 90 divide 65047320?
True
Is 2 a factor of 105717017?
False
Is 10 a factor of 574141593?
False
Is 1289322960 a multiple of 24?
True
Is 138 a factor of 5914376?
False
Is 138451142 a multiple of 18?
False
Does 334 divide 227523956?
False
Does 34 divide 149848924?
False
Is 69 a factor of 659444109?
True
Does 107 divide 63655801?
False
Is 403 a factor of 191396790?
True
Does 14392 divide 4599193872?
True
Is 203966550 a multiple of 1570?
True
Is 315 a factor of 6379492?
False
Is 8614080 a multiple of 360?
True
Is 1827 a factor of 136156954?
False
Is 51942696 a multiple of 820?
False
Does 2287 divide 563745476?
False
Does 13 divide 181703513?
False
Is 21 a factor of 3276990?
False
Is 19461909 a multiple of 219?
False
Does 919 divide 74008908?
True
Is 5 a factor of 81979205?
True
Is 117 a factor of 1744066701?
True
Is 526031340 a multiple of 60?
True
Is 2663 a factor of 643290258?
True
Is 40295688 a multiple of 79?
True
Is 292 a factor of 27438395?
False
Is 2183 a factor of 1257122027?
True
Is 12 a factor of 163102668?
True
Is 25702894 a multiple of 5?
False
Is 799528919 a multiple of 89?
True
Does 9 divide 2689285?
False
Does 1289 divide 44900470?
False
Is 5240 a factor of 253160120?
True
Is 976515223 a multiple of 72?
False
Is 1509275524 a multiple of 1282?
True
Is 1654118 a multiple of 37?
False
Is 38789992 a multiple of 43?
False
Does 26 d